ommon factor of 223068 and 116?
116
What is the greatest common factor of 1260387 and 54?
27
Calculate the greatest common factor of 2336 and 400.
16
Calculate the greatest common factor of 39630 and 192.
6
What is the greatest common divisor of 28200 and 7650?
150
Calculate the highest common factor of 1550 and 241025.
775
Calculate the greatest common factor of 115 and 446959.
23
What is the highest common factor of 289649 and 214?
107
Calculate the greatest common factor of 542 and 72899.
271
Calculate the greatest common divisor of 670 and 122890.
10
Calculate the highest common factor of 190 and 1093925.
95
Calculate the greatest common factor of 522 and 1972638.
522
What is the highest common divisor of 1334 and 70006?
58
What is the greatest common divisor of 6655 and 76230?
605
Calculate the highest common factor of 20 and 5420.
20
Calculate the highest common divisor of 24 and 891612.
12
Calculate the greatest common divisor of 448645 and 53.
53
Calculate the greatest common factor of 531 and 44427.
177
Calculate the highest common divisor of 595764 and 1404.
468
What is the greatest common divisor of 447612 and 132?
132
Calculate the greatest common factor of 48 and 5762.
2
What is the highest common factor of 31 and 15043?
1
What is the highest common factor of 650 and 6325?
25
Calculate the highest common factor of 4563 and 164099.
169
Calculate the highest common factor of 4371 and 10633.
31
What is the highest common divisor of 111987 and 253?
23
What is the highest common divisor of 1241216 and 128?
128
Calculate the greatest common divisor of 3728148 and 804.
804
What is the greatest common divisor of 299 and 1480349?
299
Calculate the highest common factor of 1195275 and 150.
75
What is the greatest common factor of 3641897 and 1022?
511
Calculate the highest common divisor of 6642 and 23814.
162
What is the greatest common factor of 246 and 82246?
82
Calculate the highest common factor of 55811 and 130781.
833
What is the highest common factor of 420 and 8148?
84
Calculate the greatest common divisor of 96633 and 41755.
1193
What is the highest common factor of 104937 and 42?
21
Calculate the greatest common factor of 29780 and 65.
5
Calculate the highest common divisor of 9 and 133209.
9
Calculate the greatest common factor of 8610 and 13930.
70
Calculate the greatest common factor of 4565 and 4360488.
913
What is the highest common divisor of 6 and 2094948?
6
Calculate the highest common divisor of 1380 and 3657.
69
What is the highest common factor of 88832 and 48?
16
Calculate the greatest common factor of 5047 and 2319457.
721
Calculate the greatest common factor of 57 and 46113.
57
What is the highest common divisor of 110 and 2562065?
55
Calculate the highest common factor of 2139 and 5520.
69
What is the greatest common divisor of 5300 and 3200?
100
Calculate the greatest common factor of 12852 and 250716.
204
Calculate the greatest common factor of 12590 and 930.
10
What is the greatest common divisor of 900 and 48987?
9
What is the greatest common divisor of 21728 and 96?
32
Calculate the greatest common factor of 7536 and 5809.
157
What is the highest common factor of 54 and 98418?
6
Calculate the highest common factor of 17893 and 667.
29
Calculate the highest common factor of 791350 and 833.
833
What is the highest common factor of 6573 and 189?
21
Calculate the highest common factor of 9 and 58689.
9
What is the greatest common divisor of 168 and 269736?
24
Calculate the highest common divisor of 112 and 22526.
14
What is the highest common factor of 366 and 97539?
183
What is the greatest common factor of 95 and 899289?
19
Calculate the greatest common divisor of 4950 and 132264.
198
Calculate the greatest common factor of 2532 and 1188.
12
Calculate the highest common divisor of 29818 and 170.
34
What is the highest common factor of 10 and 1562?
2
Calculate the greatest common factor of 18 and 519462.
18
Calculate the greatest common factor of 588 and 6321.
147
What is the greatest common factor of 65 and 8075?
5
What is the greatest common divisor of 6448 and 2735564?
1612
What is the highest common factor of 1863 and 3657?
69
Calculate the greatest common divisor of 1476070 and 70.
10
What is the highest common factor of 226 and 5916341?
113
Calculate the greatest common factor of 2232 and 2088.
72
What is the greatest common factor of 368 and 582038?
46
Calculate the greatest common divisor of 1128 and 479682.
282
Calculate the greatest common factor of 21 and 1337007.
21
Calculate the highest common divisor of 1827 and 10323.
9
What is the highest common factor of 68750 and 330?
110
What is the highest common factor of 26 and 116857?
13
Calculate the greatest common divisor of 6 and 185739.
3
Calculate the greatest common factor of 4116 and 7399.
49
What is the greatest common factor of 6437 and 1025?
41
What is the greatest common divisor of 19 and 5491?
19
Calculate the highest common divisor of 5772 and 10360.
148
Calculate the greatest common divisor of 39980 and 40.
20
What is the highest common factor of 27 and 46008?
27
Calculate the greatest common factor of 8 and 344.
8
What is the greatest common divisor of 22930 and 10?
10
What is the greatest common factor of 425215 and 385?
35
Calculate the highest common factor of 2554 and 34.
2
Calculate the greatest common factor of 606 and 166347.
303
Calculate the greatest common factor of 3784 and 2552.
88
Calculate the highest common factor of 234328 and 272.
136
What is the greatest common factor of 15047 and 40737?
367
What is the greatest common divisor of 7565622 and 1047?
1047
Calculate the greatest common factor of 600 and 1711650.
150
What is the greatest common divisor of 4 and 5843?
1
What is the highest common factor of 583787 and 47?
47
What is the highest common divisor of 82 and 35711?
41
Calculate the greatest common divisor of 67380 and 15.
15
What is the highest common factor of 100062 and 3270?
654
Calculate the highest common divisor of 20685 and 35.
35
What is the greatest common divisor of 160 and 47780?
20
What is the greatest common factor of 631 and 133141?
631
Calculate the highest common divisor of 184 and 2999384.
184
Calculate the highest common divisor of 611480 and 20.
20
Calculate the greatest common factor of 53490 and 390.
30
What is the highest common factor of 44975 and 175?
175
What is the highest common divisor of 980859 and 33?
33
Calculate the greatest common factor of 14 and 246358.
14
What is the highest common divisor of 704597 and 373?
373
What is the highest common divisor of 116521 and 218?
109
What is the greatest common factor of 5296 and 112?
16
Calculate the highest common divisor of 12 and 3228222.
6
Calculate the greatest common factor of 41956 and 6188.
68
Calculate the greatest common divisor of 28 and 166705.
7
Calculate the highest common factor of 37 and 1049.
1
What is the highest common divisor of 9729 and 37053?
207
What is the highest common factor of 17320 and 180?
20
Calculate the greatest common factor of 185202 and 27.
9
What is the highest common divisor of 186328 and 18?
2
What is the greatest common divisor of 1144 and 25597?
143
Calculate the greatest common divisor of 746 and 530779.
373
Calculate the highest common factor of 3610 and 130.
10
What is the highest common divisor of 846 and 72126?
18
Calculate the greatest common factor of 22125 and 75.
75
Calculate the highest common factor of 18732 and 2899.
223
Calculate the greatest common divisor of 35517 and 9.
3
Calculate the highest common divisor of 1570864 and 144.
16
Calculate the highest common divisor of 106 and 3922.
106
Calculate the highest common factor of 111 and 18673197.
111
What is the greatest common divisor of 19592 and 474?
158
What is the greatest common factor of 11 and 130878?
11
What is the greatest common factor of 4964 and 306?
34
What is the highest common divisor of 60056 and 64?
8
Calculate the highest common divisor of 2 and 77986.
2
Calculate the greatest common divisor of 3909 and 1941.
3
What is the highest common factor of 24 and 55788?
12
Calculate the highest common factor of 224 and 344992.
32
Calculate the highest common divisor of 63496 and 8.
8
Calculate the greatest common factor of 224 and